{"id":3285,"date":"2016-08-05T17:42:58","date_gmt":"2016-08-05T15:42:58","guid":{"rendered":"http:\/\/jlm-guides.de\/leif\/?page_id=3285"},"modified":"2019-10-21T12:53:26","modified_gmt":"2019-10-21T10:53:26","slug":"impressum","status":"publish","type":"page","link":"https:\/\/jlm-guides.de\/leif\/impressum\/","title":{"rendered":"Impressum"},"content":{"rendered":"<p><strong>Anbieter<br \/>\n<\/strong>jl.medien e.K.,<br \/>\nvertreten durch den Inhaber J\u00fcrgen L\u00e4ufer<\/p>\n<p><strong>Anschrift<\/strong><br \/>\nInselkammerstr. 5<br \/>\n82008 Unterhaching<br \/>\nDeutschland<br \/>\nTel. +49 89 666166-0<br \/>\nFax +49 89 666166-19<br \/>\n<a href=\"mailto:info@jl-medien.de\">info@jl-medien.de<\/a><\/p>\n<p><strong>Registereintrag<\/strong><br \/>\nAmtsgericht M\u00fcnchen HRA 84584<\/p>\n<p><strong>Umsatzsteuer-Identifikationsnummer<\/strong><br \/>\nUSt-ID-Nr.: DE 175865438<\/p>\n<p><strong>Steuer-Nummer<\/strong><br \/>\n145\/160\/80117<\/p>\n<p><strong>Haftung und Gew\u00e4hrleistung<\/strong><br \/>\nDie Informationen auf diesen Websites stellt jl.medien e.K. ohne jegliche Zusicherung oder Gew\u00e4hrleistung jedweder Art, sei sie ausdr\u00fccklich oder stillschweigend, zur Verf\u00fcgung. Ausgeschlossen sind auch alle stillschweigenden Gew\u00e4hrleistungen betreffend die Handelsf\u00e4higkeit, die Eignung f\u00fcr bestimmte Zwecke oder den Nichtversto\u00df gegen Gesetze und Patente. Auch wenn wir davon ausgehen, dass die von uns gegebenen Informationen zutreffend sind, k\u00f6nnen sie dennoch Fehler oder Ungenauigkeiten enthalten.<\/p>\n<p><strong>Externe Verweise und Links<\/strong><br \/>\nDie Websites von jl.medien e.K. enthalten z.T. Links bzw. Verkn\u00fcpfungen zu anderen Websites. Diese unmittelbaren Links werden von uns mit zumutbarer Sorgfalt gepr\u00fcft. jl.medien e.K. ist f\u00fcr die Inhalte von Websites, auf die wir verlinken, nicht verantwortlich. jl.medien e.K. ist zudem nicht verantwortlich f\u00fcr die Inhalte von Websites, die auf uns verweisen. Mit Urteil vom 12. Mai 1998 hat das LG Hamburg entschieden, dass man durch die Ausbringung eines Links die Inhalte der gelinkten Seite ggf. mit zu verantworten hat. Dies kann, so das LG, nur dadurch verhindert werden, dass man sich ausdr\u00fccklich von diesen Inhalten distanziert. Wir haben auf unseren Seiten Links zu Seiten im Internet gelegt, deren Inhalt und Aktualisierung nicht dem Einflussbereich von jl.medien e.K. unterliegen. F\u00fcr alle diese Links gilt: \u201ejl.medien e.K. hat keinen Einfluss auf Gestaltung und Inhalte fremder Internetseiten. jl.medien e.K. distanziert sich daher von allen fremden Inhalten, auch wenn von Seiten von jl.medien e.K. auf diese externe Seiten ein Link gesetzt wurde.\u201d Diese Erkl\u00e4rung gilt f\u00fcr alle auf diesen Websites angezeigten Links und f\u00fcr alle Inhalte der Seiten, zu denen die bei uns angemeldeten Links f\u00fchren.<\/p>\n<p><strong>Urheberrecht<\/strong><br \/>\nCopyright 2019 jl.medien e.K.<br \/>\nAlle Rechte vorbehalten. Alle Texte, Bilder, Graphiken, Ton-, Video- und Animationsdateien sowie ihre Arrangements unterliegen dem Urheberrecht und anderen Gesetzen zum Schutz geistigen Eigentums. Sie d\u00fcrfen weder f\u00fcr Handelszwecke oder zur Weitergabe kopiert, noch ver\u00e4ndert und auf anderen Websites verwendet werden.<\/p>\n<p>Unterhaching, Oktober 2019<\/p>\n","protected":false},"excerpt":{"rendered":"<p>Anbieter jl.medien e.K., vertreten durch den Inhaber J\u00fcrgen L\u00e4ufer Anschrift Inselkammerstr. 5 82008 Unterhaching Deutschland Tel. +49 89 666166-0 Fax +49 89 666166-19 info@jl-medien.de Registereintrag Amtsgericht M\u00fcnchen HRA 84584 Umsatzsteuer-Identifikationsnummer USt-ID-Nr.: DE 175865438 Steuer-Nummer 145\/160\/80117 Haftung und Gew\u00e4hrleistung Die Informationen auf diesen Websites stellt jl.medien e.K. ohne jegliche Zusicherung oder Gew\u00e4hrleistung jedweder Art, sei sie [&hellip;]<\/p>\n","protected":false},"author":1,"featured_media":0,"parent":0,"menu_order":21,"comment_status":"closed","ping_status":"closed","template":"","meta":[],"_links":{"self":[{"href":"https:\/\/jlm-guides.de\/leif\/wp-json\/wp\/v2\/pages\/3285"}],"collection":[{"href":"https:\/\/jlm-guides.de\/leif\/wp-json\/wp\/v2\/pages"}],"about":[{"href":"https:\/\/jlm-guides.de\/leif\/wp-json\/wp\/v2\/types\/page"}],"author":[{"embeddable":true,"href":"https:\/\/jlm-guides.de\/leif\/wp-json\/wp\/v2\/users\/1"}],"replies":[{"embeddable":true,"href":"https:\/\/jlm-guides.de\/leif\/wp-json\/wp\/v2\/comments?post=3285"}],"version-history":[{"count":60,"href":"https:\/\/jlm-guides.de\/leif\/wp-json\/wp\/v2\/pages\/3285\/revisions"}],"predecessor-version":[{"id":5931,"href":"https:\/\/jlm-guides.de\/leif\/wp-json\/wp\/v2\/pages\/3285\/revisions\/5931"}],"wp:attachment":[{"href":"https:\/\/jlm-guides.de\/leif\/wp-json\/wp\/v2\/media?parent=3285"}],"curies":[{"name":"wp","href":"https:\/\/api.w.org\/{rel}","templated":true}]}}